?
17
Calculate the highest common factor of 493 and 377.
29
What is the highest common divisor of 1751 and 34?
17
What is the highest common divisor of 5183 and 219?
73
What is the greatest common factor of 49 and 21?
7
What is the highest common divisor of 17 and 51?
17
What is the greatest common divisor of 19 and 57?
19
What is the highest common factor of 1120 and 640?
160
What is the highest common factor of 884 and 136?
68
Calculate the greatest common divisor of 77 and 189.
7
Calculate the greatest common divisor of 608 and 665.
19
Calculate the greatest common divisor of 1 and 19.
1
What is the highest common divisor of 44 and 704?
44
Calculate the highest common factor of 810 and 60.
30
What is the greatest common factor of 20265 and 105?
105
What is the greatest common divisor of 13 and 611?
13
What is the greatest common factor of 330 and 115170?
330
Calculate the highest common factor of 252 and 11228.
28
What is the highest common factor of 396 and 275?
11
What is the greatest common factor of 896 and 140?
28
What is the highest common factor of 1236 and 36?
12
What is the greatest common divisor of 3585 and 105?
15
What is the greatest common divisor of 1 and 1195?
1
Calculate the greatest common divisor of 7 and 546.
7
Calculate the greatest common factor of 30 and 1810.
10
What is the greatest common divisor of 60 and 4460?
20
What is the greatest common factor of 1300 and 600?
100
What is the highest common factor of 68 and 1462?
34
What is the highest common divisor of 16 and 944?
16
Calculate the greatest common divisor of 1417 and 65.
13
Calculate the highest common factor of 580 and 203.
29
What is the greatest common divisor of 2940 and 60?
60
What is the highest common divisor of 696 and 16?
8
What is the highest common divisor of 15 and 1695?
15
Calculate the greatest common factor of 975 and 481.
13
What is the greatest common factor of 3973 and 137?
137
What is the greatest common factor of 786 and 84?
6
What is the greatest common divisor of 288 and 108?
36
Calculate the greatest common divisor of 2 and 28.
2
What is the highest common divisor of 12 and 240?
12
What is the highest common divisor of 3014 and 330?
22
What is the highest common divisor of 122400 and 272?
272
What is the greatest common factor of 60 and 1620?
60
What is the greatest common divisor of 566 and 4?
2
Calculate the highest common divisor of 75 and 945.
15
What is the greatest common factor of 265 and 12985?
265
Calculate the greatest common factor of 9 and 121.
1
What is the highest common divisor of 21 and 14?
7
Calculate the highest common factor of 1649 and 1207.
17
What is the highest common factor of 1034 and 658?
94
Calculate the greatest common factor of 37566 and 18.
18
Calculate the greatest common divisor of 265 and 10.
5
What is the greatest common factor of 2508 and 66?
66
What is the greatest common factor of 6 and 638?
2
What is the greatest common factor of 58 and 18?
2
Calculate the highest common factor of 20 and 1320.
20
Calculate the highest common divisor of 1729 and 1064.
133
Calculate the highest common factor of 132 and 81048.
132
Calculate the highest common factor of 189 and 56.
7
Calculate the greatest common factor of 119 and 544.
17
Calculate the highest common factor of 16 and 512.
16
What is the greatest common divisor of 152 and 114?
38
What is the highest common factor of 134 and 2?
2
What is the highest common divisor of 667 and 3538?
29
What is the highest common divisor of 484 and 12?
4
What is the highest common factor of 1431 and 265?
53
What is the highest common divisor of 30 and 50?
10
Calculate the highest common factor of 140 and 1330.
70
What is the greatest common factor of 629 and 74?
37
What is the highest common factor of 384 and 672?
96
What is the greatest common factor of 97 and 4753?
97
What is the highest common divisor of 225 and 600?
75
What is the highest common factor of 18 and 225?
9
What is the greatest common factor of 18 and 786?
6
Calculate the greatest common divisor of 3705 and 585.
195
What is the highest common factor of 12 and 66?
6
Calculate the greatest common divisor of 2394 and 57.
57
What is the highest common factor of 722 and 38?
38
What is the greatest common factor of 96 and 12?
12
Calculate the highest common divisor of 29 and 783.
29
Calculate the greatest common divisor of 112 and 176.
16
Calculate the highest common divisor of 112 and 287.
7
What is the greatest common factor of 221 and 17?
17
What is the greatest common factor of 31 and 31?
31
Calculate the greatest common factor of 34887 and 116.
29
What is the greatest common factor of 357 and 476?
119
Calculate the greatest common factor of 26 and 247.
13
What is the greatest common factor of 21 and 46095?
21
What is the highest common divisor of 1218 and 42?
42
Calculate the greatest common factor of 396 and 176.
44
Calculate the greatest common divisor of 138 and 3381.
69
What is the highest common factor of 115 and 16192?
23
What is the highest common factor of 2376 and 7656?
264
What is the highest common factor of 116 and 52?
4
Calculate the highest common divisor of 3840 and 30.
30
What is the highest common factor of 4 and 294?
2
Calculate the highest common divisor of 46 and 2.
2
What is the greatest common factor of 272 and 646?
34
What is the greatest common factor of 14 and 128?
2
Calculate the greatest common divisor of 24 and 5832.
24
What is the highest common divisor of 65 and 22685?
65
What is the highest common divisor of 140 and 238?
14
Calculate the highest common factor of 200 and 2900.
100
Calculate the greatest common factor of 82 and 1.
1
Calculate the greatest common factor of 180 and 252.
36
What is the highest common factor of 8213 and 129?
43
Calculate the greatest common factor of 559 and 430.
43
Calculate the greatest common divisor of 6 and 1698.
6
Calculate the greatest common factor of 27 and 90.
9
Calculate the highest common factor of 300 and 1740.
60
Calculate the highest common divisor of 508 and 8.
4
What is the greatest common divisor of 9600 and 60?
60
Calculate the highest common divisor of 236 and 1770.
118
What is the greatest common divisor of 759 and 99?
33
Calculate the greatest common divisor of 3723 and 51.
51
What is the greatest common factor of 804 and 120?
12
Calculate the greatest common factor of 4602 and 390.
78
Calculate the greatest common divisor of 3056 and 16.
16
Calculate the highest common factor of 10 and 8390.
10
Calculate the greatest common divisor of 11 and 77.
11
Calculate the highest common factor of 35364 and 12.
12
Calculate the greatest common divisor of 84 and 21196.
28
Calculate the highest common divisor of 1988 and 71.
71
What is the greatest common factor of 124 and 12?
4
What is the greatest common factor of 83 and 249?
83
What is the greatest common divisor of 2997 and 81?
81
Calculate the greatest common divisor of 28 and 686.
14
What is the greatest common factor of 8 and 1528?
8
What is the greatest common factor of 273 and 133?
7
Calculate the greatest common factor of 20 and 2956.
4
Calculate the greatest common factor of 4392 and 48.
24
Calculate the greatest common divisor of 141999 and 429.
429
What is the greatest common factor of 1533 and 146?
73
Calculate the highest common divisor of 12 and 52.
4
Calculate the greatest common factor of 36 and 138.
6
What is the highest common divisor of 893 and 19?
19
Calculate the greatest common divisor of 9 and 2043.
9
Calculate the highest common divisor of 15 and 2195.
5
What is the greatest common factor of 405 and 183?
3
Calculate the highest common factor of 713 and 31.
31
Calculate the greatest common divisor of 14 and 2268.
14
What is the greatest common factor of 256 and 8?
8
What is the highest common factor of 43 and 3?
1
Calculate the highest common divisor of 60 and 270.
30
What is the highest common factor of 64 and 1472?
64
Calculate the highest common factor of 3270 and 120.
30
What is the greatest common factor of 140 and 90?
10
What is the highest common factor of 81 and 513?
27
What is the greatest common divisor of 1862 and 3192?
266
Calculate the highest common factor of 361 and 76.
19
Calculate the greatest common factor of 961 and 62.
31
What is the greatest c